{"id":122,"date":"2023-04-06T14:26:46","date_gmt":"2023-04-06T11:26:46","guid":{"rendered":"http:\/\/10.135.32.32\/?page_id=122"},"modified":"2026-02-04T09:59:48","modified_gmt":"2026-02-04T06:59:48","slug":"vakfin-amaci","status":"publish","type":"page","link":"https:\/\/pttvakfi.org.tr\/index.php\/hakkimizda\/vakfin-amaci\/","title":{"rendered":"Vak\u0131f Amac\u0131"},"content":{"rendered":"<div class=\"post-content\">\n<p>Vakf\u0131m\u0131z\u0131n amac\u0131; \u00fcyelerine sa\u011fl\u0131k, sosyal ve k\u00fclt\u00fcrel alanlarda hizmet vermek suretiyle, \u00fcyeler aras\u0131ndaki&nbsp;yard\u0131mla\u015fma ve dayan\u0131\u015fmay\u0131 sa\u011flamak, Vakf\u0131n amac\u0131n\u0131n \u00f6z\u00fcn\u00fc te\u015fkil eder. Tespit edilen ilkeler,&nbsp;&nbsp;Vak\u0131f Senedi\u00b4nde belirtilmi\u015ftir. Vakf\u0131m\u0131z, amac\u0131n\u0131 ger\u00e7ekle\u015ftirmek i\u00e7in \u00fcyelerinden aidat almaktad\u0131r.&nbsp;<\/p>\n\n\n\n<p>Vakf\u0131m\u0131z\u00a0 kurulu\u015f ama\u00e7lar\u0131 do\u011frultusunda; Y\u00fcksek \u00d6\u011frenimde \u00e7ocuklar\u0131 okuyan \u00fcyelerine,\u00a0Y\u00f6netim Kurulunca belirlenen miktarlarda\u00a0ayl\u0131k (Temmuz-A\u011fustos-Eyl\u00fcl aylar\u0131 hari\u00e7) faizsiz geri \u00f6demeli Y\u00fcksek \u00d6\u011frenim Deste\u011fi, \u00dcyenin kendisinin veya \u00e7ocu\u011funun evlenmesi halinde \u00fcyelik k\u0131demine g\u00f6re belirlenen miktarlarda Evlilik Deste\u011fi ile\u00a0\u00fcyelerimize maddi anlamda destek vermektedir.<\/p>\n\n\n\n<p>Ayr\u0131ca&nbsp;Do\u011fum, Evlilik\/D\u00fc\u011f\u00fcn,&nbsp;Tabii Afet, Vefat&nbsp;ve&nbsp;Emeklilik&nbsp;hallerinde Y\u00f6netmeliklere g\u00f6re kar\u015f\u0131l\u0131ks\u0131z yard\u0131mlar yap\u0131lmaktad\u0131r.<\/p>\n\n\n\n<p><strong>Not<\/strong>: Evlilik\/D\u00fc\u011f\u00fcn Yard\u0131m\u0131, Evlilik Deste\u011finden farkl\u0131 olup, \u00fcyenin kendisinin evlenmesi halinde \u00fcyelik k\u0131demine g\u00f6re kar\u015f\u0131l\u0131ks\u0131z olarak yap\u0131lmaktad\u0131r.<\/p>\n<\/div>","protected":false},"excerpt":{"rendered":"<p>Vakf\u0131m\u0131z\u0131n amac\u0131; \u00fcyelerine sa\u011fl\u0131k, sosyal ve k\u00fclt\u00fcrel alanlarda hizmet vermek<a href=\"https:\/\/pttvakfi.org.tr\/index.php\/hakkimizda\/vakfin-amaci\/\">Daha Fazla Oku<i class=\"fa fa-long-arrow-right\" aria-hidden=\"true\"><\/i><\/a><\/p>\n","protected":false},"author":3,"featured_media":0,"parent":142,"menu_order":3,"comment_status":"closed","ping_status":"closed","template":"","meta":[],"_links":{"self":[{"href":"https:\/\/pttvakfi.org.tr\/index.php\/wp-json\/wp\/v2\/pages\/122"}],"collection":[{"href":"https:\/\/pttvakfi.org.tr\/index.php\/wp-json\/wp\/v2\/pages"}],"about":[{"href":"https:\/\/pttvakfi.org.tr\/index.php\/wp-json\/wp\/v2\/types\/page"}],"author":[{"embeddable":true,"href":"https:\/\/pttvakfi.org.tr\/index.php\/wp-json\/wp\/v2\/users\/3"}],"replies":[{"embeddable":true,"href":"https:\/\/pttvakfi.org.tr\/index.php\/wp-json\/wp\/v2\/comments?post=122"}],"version-history":[{"count":1,"href":"https:\/\/pttvakfi.org.tr\/index.php\/wp-json\/wp\/v2\/pages\/122\/revisions"}],"predecessor-version":[{"id":1327,"href":"https:\/\/pttvakfi.org.tr\/index.php\/wp-json\/wp\/v2\/pages\/122\/revisions\/1327"}],"up":[{"embeddable":true,"href":"https:\/\/pttvakfi.org.tr\/index.php\/wp-json\/wp\/v2\/pages\/142"}],"wp:attachment":[{"href":"https:\/\/pttvakfi.org.tr\/index.php\/wp-json\/wp\/v2\/media?parent=122"}],"curies":[{"name":"wp","href":"https:\/\/api.w.org\/{rel}","templated":true}]}}

Vakıf Amacı

<div class="post-content">
<p>Vakfımızın amacı; üyelerine sağlık, sosyal ve kültürel alanlarda hizmet vermek suretiyle, üyeler arasındaki&nbsp;yardımlaşma ve dayanışmayı sağlamak, Vakfın amacının özünü teşkil eder. Tespit edilen ilkeler,&nbsp;&nbsp;Vakıf Senedi´nde belirtilmiştir. Vakfımız, amacını gerçekleştirmek için üyelerinden aidat almaktadır.&nbsp;</p>



<p>Vakfımız  kuruluş amaçları doğrultusunda; Yüksek Öğrenimde çocukları okuyan üyelerine, Yönetim Kurulunca belirlenen miktarlarda aylık (Temmuz-Ağustos-Eylül ayları hariç) faizsiz geri ödemeli Yüksek Öğrenim Desteği, Üyenin kendisinin veya çocuğunun evlenmesi halinde üyelik kıdemine göre belirlenen miktarlarda Evlilik Desteği ile üyelerimize maddi anlamda destek vermektedir.</p>



<p>Ayrıca&nbsp;Doğum, Evlilik/Düğün,&nbsp;Tabii Afet, Vefat&nbsp;ve&nbsp;Emeklilik&nbsp;hallerinde Yönetmeliklere göre karşılıksız yardımlar yapılmaktadır.</p>



<p><strong>Not</strong>: Evlilik/Düğün Yardımı, Evlilik Desteğinden farklı olup, üyenin kendisinin evlenmesi halinde üyelik kıdemine göre karşılıksız olarak yapılmaktadır.</p>
</div>

<p>Vakfımızın amacı; üyelerine sağlık, sosyal ve kültürel alanlarda hizmet vermek<a href="https://pttvakfi.org.tr/index.php/hakkimizda/vakfin-amaci/">Daha Fazla Oku<i class="fa fa-long-arrow-right" aria-hidden="true"></i></a></p>
