{"id":124,"date":"2023-04-06T14:26:53","date_gmt":"2023-04-06T11:26:53","guid":{"rendered":"http:\/\/10.135.32.32\/?page_id=124"},"modified":"2023-04-06T14:26:53","modified_gmt":"2023-04-06T11:26:53","slug":"tarihce","status":"publish","type":"page","link":"https:\/\/pttvakfi.org.tr\/index.php\/hakkimizda\/tarihce\/","title":{"rendered":"Tarih\u00e7e"},"content":{"rendered":"<div class=\"post-content\">\n<p><strong>VAKFIN KURULU\u015eU VE YAZI\u015eMA ADRES\u0130:<\/strong><\/p>\n\n\n\n<p>Vakf\u0131m\u0131z\u0131n T\u00fcrk medeni kanunu h\u00fck\u00fcmlerine g\u00f6re 31.12.1974 tarihinde \u201c&nbsp;<strong>PTT Personeli Emekliler Dul ve Yetimler Sa\u011fl\u0131k Sosyal ve K\u00fclt\u00fcrel Hizmetler Yard\u0131mla\u015fma Vakf\u0131<\/strong>&nbsp;\u201c ad\u0131yla kurulmu\u015f 18.02.1975 tarih ve 15153 say\u0131l\u0131 resmi gazetede yay\u0131nlanarak faaliyete ge\u00e7irilmi\u015ftir.<\/p>\n\n\n\n<p>Vakf\u0131n ad\u0131, \u201c&nbsp;<strong>PTT ve T\u00fcrk Telekom Vakf\u0131<\/strong>&nbsp;\u201c olarak de\u011fi\u015ftirilmi\u015ftir.<\/p>\n\n\n\n<p>Yaz\u0131\u015fma adresi: Korkutreis Mah. Gazi Mustafa Kemal Bulvar\u0131 No:32\/2 Demirtepe \u00c7ankaya Ankara<\/p>\n\n\n\n<p><strong>Posta Kodu<\/strong> <strong>:<\/strong> 06420<\/p>\n\n\n\n<p><strong>Telefon numaras\u0131 :<\/strong> 0(312) 418 20 58 (Pbx)<\/p>\n\n\n\n<p><strong>Faks numaras\u0131 :<\/strong> 0(312) 418 2065<\/p>\n\n\n\n<p><strong>E-posta Adresleri :<\/strong>\u00a0<a href=\"mailto:pttvakfi@pttvakfi.org.tr\">pttvakfi@pttvakfi.org.tr<\/a>\u00a0| <a href=\"mailto:info@pttvakfi.org.tr\">info@pttvakfi.org.tr<\/a>\u00a0<\/p>\n<\/div>","protected":false},"excerpt":{"rendered":"<p>VAKFIN KURULU\u015eU VE YAZI\u015eMA ADRES\u0130: Vakf\u0131m\u0131z\u0131n T\u00fcrk medeni kanunu h\u00fck\u00fcmlerine<a href=\"https:\/\/pttvakfi.org.tr\/index.php\/hakkimizda\/tarihce\/\">Daha Fazla Oku<i class=\"fa fa-long-arrow-right\" aria-hidden=\"true\"><\/i><\/a><\/p>\n","protected":false},"author":3,"featured_media":0,"parent":142,"menu_order":4,"comment_status":"closed","ping_status":"closed","template":"","meta":[],"_links":{"self":[{"href":"https:\/\/pttvakfi.org.tr\/index.php\/wp-json\/wp\/v2\/pages\/124"}],"collection":[{"href":"https:\/\/pttvakfi.org.tr\/index.php\/wp-json\/wp\/v2\/pages"}],"about":[{"href":"https:\/\/pttvakfi.org.tr\/index.php\/wp-json\/wp\/v2\/types\/page"}],"author":[{"embeddable":true,"href":"https:\/\/pttvakfi.org.tr\/index.php\/wp-json\/wp\/v2\/users\/3"}],"replies":[{"embeddable":true,"href":"https:\/\/pttvakfi.org.tr\/index.php\/wp-json\/wp\/v2\/comments?post=124"}],"version-history":[{"count":0,"href":"https:\/\/pttvakfi.org.tr\/index.php\/wp-json\/wp\/v2\/pages\/124\/revisions"}],"up":[{"embeddable":true,"href":"https:\/\/pttvakfi.org.tr\/index.php\/wp-json\/wp\/v2\/pages\/142"}],"wp:attachment":[{"href":"https:\/\/pttvakfi.org.tr\/index.php\/wp-json\/wp\/v2\/media?parent=124"}],"curies":[{"name":"wp","href":"https:\/\/api.w.org\/{rel}","templated":true}]}}