{"id":471,"date":"2023-07-20T11:26:46","date_gmt":"2023-07-20T08:26:46","guid":{"rendered":"https:\/\/pttvakfi.org.tr\/?page_id=471"},"modified":"2023-08-22T11:48:58","modified_gmt":"2023-08-22T08:48:58","slug":"__trashed","status":"publish","type":"page","link":"https:\/\/pttvakfi.org.tr\/index.php\/__trashed\/","title":{"rendered":"Anasayfa"},"content":{"rendered":"<div class=\"post-content\">\n<p class=\"has-text-align-center\"><strong>PTT ve T\u00fcrk Telekom Personelinin Bulu\u015ftu\u011fu Tek Vak\u0131f<\/strong><\/p>\n\n\n<div class=\"wp-block-image\">\n<figure class=\"aligncenter\"><img decoding=\"async\" loading=\"lazy\" width=\"1100\" height=\"349\" src=\"http:\/\/pttvakfi.org.tr\/wp-content\/uploads\/2023\/08\/ptt-ve-telekom-logo.jpg\" alt=\"\" class=\"wp-image-567\" title=\"PTT ve T\u00fcrk Telekom Personelinin Bulu\u015ftu\u011fu Vak\u0131f\" srcset=\"http:\/\/pttvakfi.org.tr\/wp-content\/uploads\/2023\/08\/ptt-ve-telekom-logo.jpg 1100w, http:\/\/pttvakfi.org.tr\/wp-content\/uploads\/2023\/08\/ptt-ve-telekom-logo-300x95.jpg 300w, http:\/\/pttvakfi.org.tr\/wp-content\/uploads\/2023\/08\/ptt-ve-telekom-logo-1024x325.jpg 1024w, http:\/\/pttvakfi.org.tr\/wp-content\/uploads\/2023\/08\/ptt-ve-telekom-logo-768x244.jpg 768w\" sizes=\"(max-width: 1100px) 100vw, 1100px\" \/><\/figure><\/div><\/div>","protected":false},"excerpt":{"rendered":"<p>PTT ve T\u00fcrk Telekom Personelinin Bulu\u015ftu\u011fu Tek Vak\u0131f<\/p>\n","protected":false},"author":3,"featured_media":0,"parent":0,"menu_order":0,"comment_status":"closed","ping_status":"closed","template":"","meta":[],"_links":{"self":[{"href":"https:\/\/pttvakfi.org.tr\/index.php\/wp-json\/wp\/v2\/pages\/471"}],"collection":[{"href":"https:\/\/pttvakfi.org.tr\/index.php\/wp-json\/wp\/v2\/pages"}],"about":[{"href":"https:\/\/pttvakfi.org.tr\/index.php\/wp-json\/wp\/v2\/types\/page"}],"author":[{"embeddable":true,"href":"https:\/\/pttvakfi.org.tr\/index.php\/wp-json\/wp\/v2\/users\/3"}],"replies":[{"embeddable":true,"href":"https:\/\/pttvakfi.org.tr\/index.php\/wp-json\/wp\/v2\/comments?post=471"}],"version-history":[{"count":14,"href":"https:\/\/pttvakfi.org.tr\/index.php\/wp-json\/wp\/v2\/pages\/471\/revisions"}],"predecessor-version":[{"id":597,"href":"https:\/\/pttvakfi.org.tr\/index.php\/wp-json\/wp\/v2\/pages\/471\/revisions\/597"}],"wp:attachment":[{"href":"https:\/\/pttvakfi.org.tr\/index.php\/wp-json\/wp\/v2\/media?parent=471"}],"curies":[{"name":"wp","href":"https:\/\/api.w.org\/{rel}","templated":true}]}}