{"id":82,"date":"2023-04-06T14:13:20","date_gmt":"2023-04-06T11:13:20","guid":{"rendered":"http:\/\/10.135.32.32\/?page_id=82"},"modified":"2023-04-06T14:13:20","modified_gmt":"2023-04-06T11:13:20","slug":"genel-kurul","status":"publish","type":"page","link":"https:\/\/pttvakfi.org.tr\/index.php\/kurumsal\/genel-kurul\/","title":{"rendered":"Genel Kurul"},"content":{"rendered":"<div class=\"post-content\">\n<p><strong>VAKIF SENED\u0130, MADDE 9- GENEL KURULUN TE\u015eEKK\u00dcL\u00dc<\/strong><\/p>\n\n\n\n<p><strong>Genel kurulun te\u015fekk\u00fcl\u00fc a\u015fa\u011f\u0131da s\u0131ralanm\u0131\u015ft\u0131r.<\/strong><\/p>\n\n\n\n<ol>\n<li>PTT Genel M\u00fcd\u00fcrl\u00fc\u011f\u00fc Y\u00f6netim Kurulu Ba\u015fkan\u0131 ve \u00dcyeleri<\/li>\n\n\n\n<li>T\u00fcrk Telekom\u00fcnikasyon A.\u015e.Y\u00f6netim Kurulu Ba\u015fkan ve \u00dcyeleri<\/li>\n\n\n\n<li>PTT Genel M\u00fcd\u00fcrl\u00fc\u011f\u00fc Genel M\u00fcd\u00fcr ve Yard\u0131mc\u0131lar\u0131<\/li>\n\n\n\n<li>T\u00fcrk Telekom\u00fcnikasyon A.\u015e.Genel M\u00fcd\u00fcr ve Yard\u0131mc\u0131lar\u0131<\/li>\n\n\n\n<li>Vak\u0131f kurucular\u0131n\u0131n mevcut olanlar\u0131<\/li>\n\n\n\n<li>Vak\u0131f eski Y\u00f6netim Kurullar\u0131 Ba\u015fkanlar\u0131<\/li>\n\n\n\n<li>Y\u00f6netim Kurulunun Asil ve Yedek \u00dcyeleri<\/li>\n\n\n\n<li>PTT Genel M\u00fcd\u00fcrl\u00fc\u011f\u00fc ve T\u00fcrk Telekom\u00fcnikasyon A.\u015e.Genel M\u00fcd\u00fcrl\u00fc\u011f\u00fc te\u015fkilat yap\u0131s\u0131nda bulunan B\u00f6lge, il veya M\u00fcstakil \u00dcnitelerin Amirleri ya da bunlar\u0131n yetki verecekleri Vakfa \u00fcye olan bir personel,&nbsp;&nbsp;&nbsp;&nbsp;&nbsp;&nbsp; Genel kurul \u00fcyesi olmayan di\u011fer vak\u0131f \u00fcyeleri genel kurul toplant\u0131s\u0131na izleyici olarak kat\u0131labilirler. Al\u0131nacak kararlara i\u015ftirak edemezler ve oy kullanamazlar.<\/li>\n<\/ol>\n\n\n\n<p><strong>VAKIF SENED\u0130,&nbsp;MADDE 10- GENEL KURUL TOPLANTISI VE OYLAMA<\/strong><\/p>\n\n\n\n<p>Vakf\u0131n genel kurulu, iki y\u0131lda bir May\u0131s ay\u0131 i\u00e7inde toplan\u0131r. Ola\u011fan\u00fcst\u00fc toplant\u0131 ise y\u00f6netim kurulunun iste\u011fiyle veya genel kurul \u00fcyelerinin 2\/3\u2019 \u00fcn\u00fcn yaz\u0131l\u0131 talebi ile tespit edilecek tarihte yap\u0131l\u0131r. \u0130ki y\u0131lda bir yap\u0131lacak olan ola\u011fan genel kurul toplant\u0131s\u0131, genel kurul \u00fcyelerine en az 10 g\u00fcn \u00f6nceden yaz\u0131yla bildirilir. Toplant\u0131ya kat\u0131lmayacak durumda olan Genel kurul \u00fcyeleri vak\u0131f \u00fcyesine verecekleri yaz\u0131l\u0131 vek\u00e2let ile kendilerini temsil ettirebilirler. Genel kurul toplant\u0131s\u0131n\u0131n tespit edilen tarihte yap\u0131labilmesi i\u00e7in genel kurul \u00fcyelerinin yar\u0131dan bir fazlas\u0131n\u0131n toplant\u0131ya kat\u0131lmas\u0131 zorunludur. \u00c7o\u011funlu\u011fun sa\u011flanamamas\u0131 halinde, toplant\u0131 tarihi 15 g\u00fcn sonraya ertelenir. \u0130kinci toplant\u0131da \u00e7o\u011funluk aranmaz. Kararlar\u0131n oylanmas\u0131nda m\u00fcspet oylar\u0131n yar\u0131dan bir fazla olmas\u0131 yeterlidir. Yap\u0131lacak oylamada vek\u00e2letle oy kullanabilir. Ancak bir ki\u015fide, birden fazla vek\u00e2let toplanamaz. Genel kurul \u00fcyesi olmayan di\u011fer vak\u0131f \u00fcyeleri, toplant\u0131ya sadece izleyici olarak kat\u0131labilirler.<\/p>\n\n\n\n<p><strong>VAKIF SENED\u0130,\u00a0MADDE 11- GENEL KURULUN G\u00d6REV VE YETK\u0130LER\u0130<\/strong><\/p>\n\n\n\n<p><strong>Genel Kurulun g\u00f6rev ve yetkileri a\u015fa\u011f\u0131da s\u0131ralanm\u0131\u015ft\u0131r.<\/strong><\/p>\n\n\n\n<ol>\n<li>Y\u00f6netim ve denetim kurullar\u0131n\u0131n asil ve yedek \u00fcyelerini se\u00e7mek ve gerekti\u011finde g\u00f6revlerine son vermek,<\/li>\n\n\n\n<li>Y\u00f6netim Kurulu taraf\u0131ndan haz\u0131rlanan y\u0131ll\u0131k b\u00fct\u00e7e bilan\u00e7o ve \u00e7al\u0131\u015fma raporlar\u0131n\u0131 tetkik, tadil ve tasdik etmek,<\/li>\n\n\n\n<li>Y\u00f6netim Kurulunun getirece\u011fi teklifleri inceleyip karara ba\u011flamak,<\/li>\n\n\n\n<li>Denetim Kurulunun sunaca\u011f\u0131 raporu inceleyip onaylamak,<\/li>\n\n\n\n<li>Y\u00f6netim Kurulu taraf\u0131ndan haz\u0131rlanan Vak\u0131f Senedi ve y\u00f6netmelik de\u011fi\u015fikliklerini ve yeni y\u00f6netmelikleri incelemek ve onaylamak,<\/li>\n\n\n\n<li>Vakf\u0131n gelir ve gider hesaplar\u0131n\u0131 inceleyip karara ba\u011flamak,<\/li>\n\n\n\n<li>Gerekti\u011finde Vakf\u0131n da\u011f\u0131lmas\u0131na karar vermek,<\/li>\n<\/ol>\n<\/div>","protected":false},"excerpt":{"rendered":"<p>VAKIF SENED\u0130, MADDE 9- GENEL KURULUN TE\u015eEKK\u00dcL\u00dc Genel kurulun te\u015fekk\u00fcl\u00fc<a href=\"https:\/\/pttvakfi.org.tr\/index.php\/kurumsal\/genel-kurul\/\">Daha Fazla Oku<i class=\"fa fa-long-arrow-right\" aria-hidden=\"true\"><\/i><\/a><\/p>\n","protected":false},"author":3,"featured_media":0,"parent":138,"menu_order":1,"comment_status":"closed","ping_status":"closed","template":"","meta":[],"_links":{"self":[{"href":"https:\/\/pttvakfi.org.tr\/index.php\/wp-json\/wp\/v2\/pages\/82"}],"collection":[{"href":"https:\/\/pttvakfi.org.tr\/index.php\/wp-json\/wp\/v2\/pages"}],"about":[{"href":"https:\/\/pttvakfi.org.tr\/index.php\/wp-json\/wp\/v2\/types\/page"}],"author":[{"embeddable":true,"href":"https:\/\/pttvakfi.org.tr\/index.php\/wp-json\/wp\/v2\/users\/3"}],"replies":[{"embeddable":true,"href":"https:\/\/pttvakfi.org.tr\/index.php\/wp-json\/wp\/v2\/comments?post=82"}],"version-history":[{"count":0,"href":"https:\/\/pttvakfi.org.tr\/index.php\/wp-json\/wp\/v2\/pages\/82\/revisions"}],"up":[{"embeddable":true,"href":"https:\/\/pttvakfi.org.tr\/index.php\/wp-json\/wp\/v2\/pages\/138"}],"wp:attachment":[{"href":"https:\/\/pttvakfi.org.tr\/index.php\/wp-json\/wp\/v2\/media?parent=82"}],"curies":[{"name":"wp","href":"https:\/\/api.w.org\/{rel}","templated":true}]}}